ultiple of 853?
True
Is 237934595 a multiple of 509?
True
Does 804 divide 115544448?
True
Is 6 a factor of 149942373?
False
Is 3861544 a multiple of 164?
True
Is 151612916 a multiple of 26?
True
Is 3963 a factor of 108855684?
True
Is 1462 a factor of 13269112?
True
Is 48716 a multiple of 34?
False
Does 43 divide 1120973407?
True
Does 1761 divide 5151274?
False
Is 7 a factor of 77103894?
True
Does 1665 divide 29091294?
False
Is 783924512 a multiple of 3052?
True
Is 12 a factor of 105479844?
True
Is 448 a factor of 40260700?
False
Is 4556918 a multiple of 53?
False
Is 172015652 a multiple of 31?
True
Does 42 divide 764949350?
False
Is 61224840 a multiple of 261?
False
Is 16349967 a multiple of 1474?
False
Is 74 a factor of 6473890?
True
Is 270 a factor of 519094579?
False
Does 103 divide 3472130?
True
Is 1333 a factor of 781998908?
False
Does 116 divide 2449210660?
True
Does 4901 divide 2827014899?
False
Is 25643280 a multiple of 48?
True
Is 863 a factor of 26974791?
True
Is 91218413 a multiple of 3107?
True
Is 24 a factor of 185120736?
True
Does 3 divide 22811170?
False
Does 269 divide 160683136?
False
Is 1732 a factor of 195861393?
False
Is 12325248 a multiple of 26?
True
Does 441 divide 369363519?
True
Is 29877552 a multiple of 3007?
True
Is 33 a factor of 12924600?
False
Is 2935927357 a multiple of 195?
False
Is 471 a factor of 225679020?
False
Is 6959680 a multiple of 104?
True
Is 50 a factor of 1931344300?
True
Is 4902 a factor of 112427370?
True
Does 206 divide 108051572?
False
Is 308580188 a multiple of 2854?
True
Does 632 divide 3326973935?
False
Does 56 divide 18324169?
False
Is 16 a factor of 14262401?
False
Does 28 divide 815896732?
True
Is 52042020 a multiple of 1647?
False
Is 144 a factor of 5917362?
False
Is 819387430 a multiple of 11?
False
Does 255 divide 7667595?
True
Does 467 divide 36028393?
False
Is 7 a factor of 58988912?
False
Is 42896341 a multiple of 1996?
False
Is 483 a factor of 2024364?
False
Is 66 a factor of 4657638018?
True
Is 598202310 a multiple of 1358?
False
Is 1266384 a multiple of 201?
False
Is 110928132 a multiple of 4988?
True
Is 128363804 a multiple of 326?
True
Does 7 divide 97923700?
True
Does 25 divide 232186695?
False
Does 1060 divide 568478968?
False
Is 188 a factor of 4295111?
False
Is 2579604816 a multiple of 7621?
False
Is 2290023 a multiple of 26?
False
Does 77 divide 224249273?
False
Is 618204725 a multiple of 77?
False
Is 100169118 a multiple of 799?
False
Is 21494895 a multiple of 71?
True
Is 740 a factor of 5740829?
False
Does 825 divide 216447825?
True
Does 12 divide 9747284?
False
Does 1054 divide 4499526?
True
Is 7 a factor of 42519424?
False
Is 10 a factor of 408606481?
False
Is 7282834 a multiple of 221?
True
Does 6 divide 1022013366?
True
Does 1226 divide 103826262?
True
Is 298 a factor of 6936495?
False
Does 38 divide 5499258540?
True
Is 12 a factor of 53562276?
True
Is 83 a factor of 175144027?
True
Is 1774 a factor of 69877116?
False
Is 134405088 a multiple of 912?
True
Is 66 a factor of 146613654?
True
Is 22 a factor of 221654224?
True
Does 2131 divide 37546089?
True
Is 8703777 a multiple of 14?
False
Is 3836975 a multiple of 23?
True
Does 327 divide 11181438?
True
Is 118860936 a multiple of 6?
True
Is 2 a factor of 10798634?
True
Is 84 a factor of 391886880?
True
Does 19 divide 10875070?
False
Is 3199254 a multiple of 46?
True
Is 20057364 a multiple of 1143?
True
Is 73541558 a multiple of 47?
True
Does 879 divide 911030760?
True
Does 32 divide 83915258?
False
Is 1245250 a multiple of 25?
True
Is 10 a factor of 5658617?
False
Is 41 a factor of 232925469?
True
Is 6548035669 a multiple of 5957?
True
Is 123134344 a multiple of 72?
False
Is 642639912 a multiple of 12?
True
Is 10 a factor of 517673390?
True
Does 4 divide 1189199?
False
Does 25 divide 1283215387?
False
Is 508564401 a multiple of 27?
False
Does 279 divide 20013786?
True
Is 5469598 a multiple of 351?
False
Does 75 divide 2747625?
True
Is 157409391 a multiple of 347?
False
Is 71760 a multiple of 552?
True
Is 195480818 a multiple of 1417?
True
Is 20 a factor of 3766949760?
True
Does 511 divide 55636928?
False
Is 158016324 a multiple of 12?
True
Does 83 divide 80747795?
True
Does 18 divide 2248378?
False
Is 43387531 a multiple of 19?
False
Does 395 divide 2907393155?
True
Does 206 divide 133931490?
False
Is 324 a factor of 14503376?
False
Is 350480090 a multiple of 10?
True
Is 6298842 a multiple of 6?
True
Does 356 divide 6088918?
False
Does 5117 divide 387467103?
False
Does 13 divide 3177351556?
False
Is 972 a factor of 57090420?
True
Is 1110467508 a multiple of 118?
False
Does 52 divide 52083125?
False
Is 224804121 a multiple of 12?
False
Does 1328 divide 345328832?
False
Is 12 a factor of 106948716?
True
Is 22419214 a multiple of 2237?
True
Is 25 a factor of 159784075?
True
Does 38 divide 871416?
True
Is 348805135 a multiple of 5?
True
Does 1592 divide 909863024?
True
Is 2577 a factor of 861452496?
False
Is 4931465 a multiple of 11?
True
Is 22353337 a multiple of 395?
False
Is 3182883 a multiple of 89?
False
Is 3963 a factor of 83380105?
False
Is 14 a factor of 2193366?
True
Is 7144119705 a multiple of 15?
True
Does 136 divide 62231424?
True
Is 129660160 a multiple of 5?
True
Is 6513739 a multiple of 37?
True
Does 195 divide 19038240?
True
Is 27705085 a multiple of 64?
False
Does 41 divide 40832349?
False
Does 18 divide 30627288?
True
Does 505 divide 52614435?
True
Is 2711207374 a multiple of 9?
False
Is 24691990 a multiple of 17?
True
Does 3 divide 578408?
False
Is 2205789665 a multiple of 3139?
False
Is 6 a factor of 853243719?
False
Is 1435761397 a multiple of 31?
False
Does 180 divide 765905760?
True
Does 11 divide 3039172066?
False
Is 801 a factor of 270214167?
False
Is 3454538 a multiple of 130?
False
Does 2188 divide 1039509294?
False
Does 15 divide 19474115?
False
Does 102 divide 748114512?
True
Is 9717 a factor of 3119357075?
False
Is 198 a factor of 433396974?
False
Does 97 divide 19059342?
False
Does 24 divide 22369728?
True
Does 236 divide 327541568?
True
Is 31932853 a multiple of 26?
False
Is 8 a factor of 3819728?
True
Does 1508 divide 790330736?
True
Is 114 a factor of 16179336?
True
Is 2418120 a multiple of 15?
True
Is 376 a factor of 96086823?
False
Is 4252125643 a multiple of 3529?
False
Does 10 divide 721042651?
False
Is 151710832 a multiple of 29?
True
Does 2005 divide 80784904?
False
Does 10 divide 5689525?
False
Is 19 a factor of 315340074?
True
Is 3205053 a multiple of 19?
True
Does 635 divide 551379103?
False
Is 909572258 a multiple of 5317?
False
Is 22 a factor of 66774591?
False
Does 268 divide 853095456?
True
Is 2466339 even?
False
Does 16 divide 161240798?
False
Is 21 a factor of 44175159?
True
Does 16 divide 34725760?
True
Is 2774 a factor of 406532474?
True
Does 19 divide 110646956?
True
Is 40387061 a multiple of 401?
False
Does 11 divide 627328966?
True
Does 2658 divide 838758945?
False
Does 1549 divide 659779385?
False
Does 1537 divide 31199563?
True
Is 57 a factor of 676052244?
False
Does 127 divide 14469742?
False
Is 3 a factor of 1747756059?
True
Does 3188 divide 61656851?
False
Does 21 divide 23259495?
True
Is 113 a factor of 18857769?
False
Is 1222 a factor of 108028466?
True
Is 25737065 even?
False
Is 13 a factor of 646182901?
True
Is 50499015 a multiple of 1655?
True
Does 424 divide 526670533?
False
Is 221041711 a multiple of 877?
True
Is 919673370 a multiple of 231?
True
Does 72 divide 19263937?
False
Does 12 divide 73856785?
False
Is 80004000 a multiple of 590?
True
Is 50 a factor of 23259500?
True
Is 1056662640 a multiple of 528?
True
Is 424757640 a multiple of 10?
True
Is 11869898 a multiple of 55?
False
Is 9 a factor of 125761888?
False
Does 1916 divide 110989905?
False
Does 257 divide 16424247?
False
Is 84 a factor of 167458456?
False
Is 154136229 a multiple of 321?
False
Does 68 divide 11075364?
True
Is 10085 a factor of 4306560426?
False
Does 12 divide 105657936?
True
Is 51147589 a multiple of 25?
False
Does 11 divide 865667?
True
Is 34382258 a multiple of 163?
False
Is 127 a factor of 5429123?
True
Is 347235317 a multiple of 4313?
True
Does 446 divide 51226668?
True
Is 557374811 a multiple of 38?
False
Is 75 a factor of 666564450?
True
Does 596 divide 76963864?
True
Is 25 